rime number?
True
Is 9554345 composite?
True
Is 96404179 a prime number?
False
Is 2583197 a composite number?
True
Is 194040051 a composite number?
True
Is 3187861 a prime number?
False
Is 64811797 prime?
True
Is 2600399 prime?
False
Is 6485771 a prime number?
True
Is 6939803 composite?
True
Is 8934587 a composite number?
False
Is 49448899 a composite number?
True
Is 51091507 prime?
False
Is 9323713 prime?
False
Is 276901 a prime number?
True
Is 9483547 prime?
True
Is 2331291 a composite number?
True
Is 16452987 composite?
True
Is 208961 a prime number?
True
Is 828045827 a prime number?
False
Is 20952527 composite?
True
Is 5112581 a prime number?
True
Is 53987779 composite?
False
Is 57317563 prime?
True
Is 157709753 composite?
False
Is 516799 prime?
False
Is 1471397 prime?
True
Is 430613 a prime number?
False
Is 16985419 prime?
False
Is 1388873 a prime number?
True
Is 797095193 prime?
True
Is 51695129 composite?
True
Is 167309 prime?
True
Is 261399111 a prime number?
False
Is 90361387 prime?
True
Is 999023 composite?
False
Is 8729306 a prime number?
False
Is 389497 a composite number?
True
Is 185203159 a composite number?
False
Is 568723 a prime number?
True
Is 6270113 a composite number?
False
Is 756869 prime?
True
Is 86923 composite?
False
Is 15055219 prime?
False
Is 62377613 prime?
True
Is 8988689 composite?
False
Is 53949743 composite?
True
Is 8704855 a prime number?
False
Is 16508081 composite?
False
Is 16240951 a composite number?
False
Is 9160837 composite?
True
Is 2769313 prime?
True
Is 734707 prime?
True
Is 6339551 composite?
False
Is 2223541 prime?
True
Is 8462131 composite?
False
Is 3404707 a prime number?
False
Is 381288329 a composite number?
True
Is 14665197 a prime number?
False
Is 107631829 composite?
False
Is 20953183 a composite number?
False
Is 4238505031 composite?
False
Is 21871879 prime?
False
Is 10333985 prime?
False
Is 201397057 prime?
True
Is 525571 a composite number?
False
Is 290790737 prime?
False
Is 742067983 composite?
False
Is 84168533 prime?
False
Is 8307506 a composite number?
True
Is 29806547 a prime number?
False
Is 11712989 a prime number?
True
Is 52231217 composite?
True
Is 10755893 composite?
True
Is 26217407 prime?
False
Is 8281337 prime?
False
Is 316991 a composite number?
False
Is 1115011 a composite number?
False
Is 183377917 a prime number?
False
Is 152840687 prime?
True
Is 743213 a composite number?
True
Is 819583 prime?
True
Is 3185387 a composite number?
True
Is 870991 composite?
True
Is 905651 a prime number?
True
Is 830068153 composite?
False
Is 43323671 prime?
True
Is 53027831 a prime number?
True
Is 212519 prime?
False
Is 2089579 a prime number?
False
Is 94241066 composite?
True
Is 842617 prime?
True
Is 2199854 prime?
False
Is 75839749 prime?
True
Is 147297323 composite?
False
Is 6141257 composite?
False
Is 80610913 a prime number?
False
Is 34020551 a composite number?
False
Is 43900313 a composite number?
True
Is 5780409 a prime number?
False
Is 5726269 a composite number?
False
Is 10446467 a prime number?
False
Is 11197153 a prime number?
False
Is 125062547 a prime number?
True
Is 519682751 a prime number?
False
Is 36687481 composite?
True
Is 1477222921 composite?
True
Is 7730881 composite?
False
Is 113964047 a composite number?
False
Is 81708793 composite?
True
Is 6994879 a prime number?
False
Is 4188439 composite?
True
Is 4449227 composite?
False
Is 3264673 composite?
True
Is 78371231 composite?
True
Is 60286363 a composite number?
False
Is 123680653 prime?
True
Is 17233253 a composite number?
False
Is 186365 a prime number?
False
Is 13059685 a composite number?
True
Is 113763061 composite?
True
Is 92554079 a prime number?
False
Is 26711591 a prime number?
True
Is 73756247 a prime number?
True
Is 10908119 a composite number?
False
Is 12617987 prime?
False
Is 5213749 composite?
True
Is 2862011 composite?
False
Is 163030753 a prime number?
False
Is 764293 a composite number?
False
Is 619693 a composite number?
False
Is 3354899 prime?
False
Is 6277519 a composite number?
True
Is 160279099 a prime number?
True
Is 8282401 a composite number?
False
Is 40402709 a prime number?
True
Is 6130651 a prime number?
False
Is 6740843 a prime number?
True
Is 29121511 prime?
True
Is 2553041 prime?
True
Is 203860331 prime?
True
Is 1748683 composite?
True
Is 24132967 prime?
False
Is 7681489 prime?
True
Is 180640811 prime?
False
Is 5953699 prime?
True
Is 562575523 composite?
False
Is 502360939 a composite number?
True
Is 1539589 a composite number?
True
Is 2048611 a prime number?
False
Is 6542731 prime?
False
Is 191368577 a prime number?
True
Is 460439747 a prime number?
False
Is 12371153 prime?
True
Is 274369943 prime?
True
Is 1222817 a prime number?
False
Is 2994169 composite?
False
Is 27507083 prime?
True
Is 52473957 a prime number?
False
Is 45494249 a prime number?
True
Is 317428805 composite?
True
Is 26056223 prime?
False
Is 49411699 a composite number?
True
Is 40837697 prime?
False
Is 144311957 prime?
False
Is 5662381 composite?
False
Is 1452355 a prime number?
False
Is 2707513 composite?
True
Is 5899237 a composite number?
True
Is 277322543 a composite number?
False
Is 2470301 a prime number?
True
Is 5818443 a prime number?
False
Is 43401043 a composite number?
True
Is 17086903 composite?
False
Is 912931 a prime number?
False
Is 3850709 a prime number?
False
Is 1772689 a composite number?
True
Is 69421871 a prime number?
True
Is 73849387 a prime number?
False
Is 899749 a prime number?
True
Is 63979463 a composite number?
True
Is 13013291 composite?
False
Is 13131851 prime?
True
Is 4088347 a prime number?
False
Is 18807989 a composite number?
False
Is 833779 a prime number?
False
Is 71188393 prime?
False
Is 12678853 a prime number?
False
Is 29851193 prime?
False
Is 42440537 a composite number?
False
Is 7298993 composite?
True
Is 89553223 prime?
False
Is 39683243 composite?
False
Is 4132169 a prime number?
False
Is 15240371 a prime number?
False
Is 6481991 a composite number?
False
Is 2493851 composite?
False
Is 11723039 a prime number?
False
Is 7586629 a prime number?
True
Is 95806 prime?
False
Is 7070143 a composite number?
False
Is 1224007 a prime number?
False
Is 39136037 a prime number?
False
Is 177412033 composite?
False
Is 161066473 composite?
True
Is 72615243 a composite number?
True
Is 631705801 a composite number?
False
Is 54223567 a composite number?
True
Is 103665113 prime?
True
Is 17738309 a prime number?
True
Is 29533431 a composite number?
True
Is 5368007 a prime number?
False
Is 14583871 prime?
True
Is 4159717 composite?
False
Is 4821283 composite?
True
Is 1479539 a prime number?
True
Is 121278719 a prime number?
False
Is 16652309 a composite number?
True
Is 10829239 a prime number?
True
Is 621521 composite?
False
Is 4422767 prime?
False
Is 7355087 a composite number?
True
Is 216941533 prime?
False
Is 48073 a prime number?
True
Is 50270149 prime?
False
Is 787643 prime?
False
Is 243638069 composite?
True
Is 64214191 a prime number?
False
Is 7705387 a prime number?
False
Is 9379757 prime?
False
Is 101822785 a prime number?
False
Is 1860629 prime?
True
Is 1882271 a prime number?
True
Is 19472759 prime?
False
Is 12662567 prime?
True
Is 59571823 a composite number?
False
Is 4326541 a composite number?
True
Is 313164131 a composite number?
True
Is 6831521 composite?
True
Is 3268417 prime?
True
Is 206507 a composite number?
True
Is 155214167 composite?
False
Is 50096869 a composite number?
True
Is 4556193 a prime number?
False
Is 1326071 a composite number?
False
Is 966389 composite?
False
Is 29007383 composite?
False
Is 101626747 composite?
False
Is 704499 a composite number?
True
Is 2743583 a prime number?
False
Is 1117889 a prime number?
True
Is 208847159 a composite number?
True
Is 4583197 a composite number?
False
Is 19776479 composite?
False
Is 17209973 a composite number?
True
Is 576943 composite?
False
Is 5755171 a composite number?
False
Is 7013473 a prime number?
True
Is 11260729 a composite number?
True
Is 40327949 a prime number?
False
Is 2520481 a prime number?
True
Is 604459 composite?
True
Is 103579721 prime?
False
Is 159187723 a prime number?
False
Is 339467 prime?
True
Is 15280289 prime?
True
Is 71030786 a prime number?
False
Is 30569959 composite?
True
Is 20002691 a composit